{"id":483,"date":"2023-06-19T16:03:15","date_gmt":"2023-06-19T16:03:15","guid":{"rendered":"https:\/\/asociacionhaziak.com\/?page_id=483"},"modified":"2023-06-29T19:25:12","modified_gmt":"2023-06-29T17:25:12","slug":"ficha-de-voluntario","status":"publish","type":"page","link":"https:\/\/asociacionhaziak.com\/?page_id=483","title":{"rendered":"Ficha de voluntarix"},"content":{"rendered":"\n<p>Si lo que quieres es ayudar aportando tu tiempo o tus conocimientos puedes hacerte voluntario.<\/p>\n\n\n\n<p>Rellena la hoja y mandala al correo electr\u00f3nico situado al fondo de la p\u00e1gina y ya est\u00e1, ya formas parte de nuestro equipo.<\/p>\n\n\n\n<div data-wp-interactive=\"core\/file\" class=\"wp-block-file\"><object data-wp-bind--hidden=\"!state.hasPdfPreview\" hidden class=\"wp-block-file__embed\" data=\"https:\/\/asociacionhaziak.com\/wp-content\/uploads\/2023\/06\/FICHA-DE-VOLUNTARIO-1.pdf\" type=\"application\/pdf\" style=\"width:100%;height:600px\" aria-label=\"Incrustado de FICHA-DE-VOLUNTARIO-1.\"><\/object><a id=\"wp-block-file--media-a9c13dbd-7a4c-4b48-a880-4f21e071a604\" href=\"https:\/\/asociacionhaziak.com\/wp-content\/uploads\/2023\/06\/FICHA-DE-VOLUNTARIO-1.pdf\">FICHA-DE-VOLUNTARIO-1<\/a><a href=\"https:\/\/asociacionhaziak.com\/wp-content\/uploads\/2023\/06\/FICHA-DE-VOLUNTARIO-1.pdf\" class=\"wp-block-file__button wp-element-button\" download aria-describedby=\"wp-block-file--media-a9c13dbd-7a4c-4b48-a880-4f21e071a604\">Descarga<\/a><\/div>\n\n\n\n<div style=\"height:100px\" aria-hidden=\"true\" class=\"wp-block-spacer\"><\/div>\n\n\n\n<h2 class=\"wp-block-heading\">Ficha de socio colaboradxr<\/h2>\n\n\n\n<p>Si por el contrario lo que puedes aportar es es otro tipo de ayuda, bien sea econ\u00f3mica, acompa\u00f1amiento, asesoramiento u otro tipo de ayuda que nos puedas prestar este es tu formulario.<\/p>\n\n\n\n<p>Rellena la hoja y mandala al correo electr\u00f3nico situado al fondo de la p\u00e1gina y ya est\u00e1 ya formas parte de nuestro equipo.<\/p>\n\n\n\n<div data-wp-interactive=\"core\/file\" class=\"wp-block-file\"><object data-wp-bind--hidden=\"!state.hasPdfPreview\" hidden class=\"wp-block-file__embed\" data=\"https:\/\/asociacionhaziak.com\/wp-content\/uploads\/2023\/06\/FICHA-DE-SOCIO-COLABORADOR-1-1.pdf\" type=\"application\/pdf\" style=\"width:100%;height:600px\" aria-label=\"Incrustado de FICHA-DE-SOCIO-COLABORADOR-1-1.\"><\/object><a id=\"wp-block-file--media-351e6bff-b64f-4ed2-9b18-63ee1dea50a5\" href=\"https:\/\/asociacionhaziak.com\/wp-content\/uploads\/2023\/06\/FICHA-DE-SOCIO-COLABORADOR-1-1.pdf\">FICHA-DE-SOCIO-COLABORADOR-1-1<\/a><a href=\"https:\/\/asociacionhaziak.com\/wp-content\/uploads\/2023\/06\/FICHA-DE-SOCIO-COLABORADOR-1-1.pdf\" class=\"wp-block-file__button wp-element-button\" download aria-describedby=\"wp-block-file--media-351e6bff-b64f-4ed2-9b18-63ee1dea50a5\">Descarga<\/a><\/div>\n\n\n\n<div style=\"height:100px\" aria-hidden=\"true\" class=\"wp-block-spacer\"><\/div>\n","protected":false},"excerpt":{"rendered":"<p>Si lo que quieres es ayudar aportando tu tiempo o tus conocimientos puedes hacerte voluntario. Rellena la hoja y mandala al correo electr\u00f3nico situado al fondo de la p\u00e1gina y [&hellip;]<\/p>\n","protected":false},"author":1,"featured_media":0,"parent":0,"menu_order":0,"comment_status":"closed","ping_status":"closed","template":"","meta":{"_EventAllDay":false,"_EventTimezone":"","_EventStartDate":"","_EventEndDate":"","_EventStartDateUTC":"","_EventEndDateUTC":"","_EventShowMap":false,"_EventShowMapLink":false,"_EventURL":"","_EventCost":"","_EventCostDescription":"","_EventCurrencySymbol":"","_EventCurrencyCode":"","_EventCurrencyPosition":"","_EventDateTimeSeparator":"","_EventTimeRangeSeparator":"","_EventOrganizerID":[],"_EventVenueID":0,"_OrganizerEmail":"","_OrganizerPhone":"","_OrganizerWebsite":"","_VenueAddress":"","_VenueCity":"","_VenueCountry":"","_VenueProvince":"","_VenueZip":"","_VenuePhone":"","_VenueURL":"","_VenueStateProvince":"","_VenueLat":"","_VenueLng":"","footnotes":""},"class_list":["post-483","page","type-page","status-publish","hentry"],"yoast_head":"<!-- This site is optimized with the Yoast SEO plugin v20.11 - https:\/\/yoast.com\/wordpress\/plugins\/seo\/ -->\n<title>Ficha de voluntarix - Asociaci\u00f3n Haziak<\/title>\n<meta name=\"robots\" content=\"noindex, nofollow\" \/>\n<meta property=\"og:locale\" content=\"es_ES\" \/>\n<meta property=\"og:type\" content=\"article\" \/>\n<meta property=\"og:title\" content=\"Ficha de voluntarix - Asociaci\u00f3n Haziak\" \/>\n<meta property=\"og:description\" content=\"Si lo que quieres es ayudar aportando tu tiempo o tus conocimientos puedes hacerte voluntario. Rellena la hoja y mandala al correo electr\u00f3nico situado al fondo de la p\u00e1gina y [&hellip;]\" \/>\n<meta property=\"og:url\" content=\"https:\/\/asociacionhaziak.com\/?page_id=483\" \/>\n<meta property=\"og:site_name\" content=\"Asociaci\u00f3n Haziak\" \/>\n<meta property=\"article:modified_time\" content=\"2023-06-29T17:25:12+00:00\" \/>\n<meta name=\"twitter:card\" content=\"summary_large_image\" \/>\n<meta name=\"twitter:label1\" content=\"Tiempo de lectura\" \/>\n\t<meta name=\"twitter:data1\" content=\"1 minuto\" \/>\n<script type=\"application\/ld+json\" class=\"yoast-schema-graph\">{\"@context\":\"https:\/\/schema.org\",\"@graph\":[{\"@type\":\"WebPage\",\"@id\":\"https:\/\/asociacionhaziak.com\/?page_id=483\",\"url\":\"https:\/\/asociacionhaziak.com\/?page_id=483\",\"name\":\"Ficha de voluntarix - Asociaci\u00f3n Haziak\",\"isPartOf\":{\"@id\":\"https:\/\/asociacionhaziak.com\/#website\"},\"datePublished\":\"2023-06-19T16:03:15+00:00\",\"dateModified\":\"2023-06-29T17:25:12+00:00\",\"breadcrumb\":{\"@id\":\"https:\/\/asociacionhaziak.com\/?page_id=483#breadcrumb\"},\"inLanguage\":\"es\",\"potentialAction\":[{\"@type\":\"ReadAction\",\"target\":[\"https:\/\/asociacionhaziak.com\/?page_id=483\"]}]},{\"@type\":\"BreadcrumbList\",\"@id\":\"https:\/\/asociacionhaziak.com\/?page_id=483#breadcrumb\",\"itemListElement\":[{\"@type\":\"ListItem\",\"position\":1,\"name\":\"Portada\",\"item\":\"https:\/\/asociacionhaziak.com\/\"},{\"@type\":\"ListItem\",\"position\":2,\"name\":\"Ficha de voluntarix\"}]},{\"@type\":\"WebSite\",\"@id\":\"https:\/\/asociacionhaziak.com\/#website\",\"url\":\"https:\/\/asociacionhaziak.com\/\",\"name\":\"Asociaci\u00f3n Haziak\",\"description\":\"Personas Tuteladas y Extuteladas de Navarra\",\"publisher\":{\"@id\":\"https:\/\/asociacionhaziak.com\/#organization\"},\"potentialAction\":[{\"@type\":\"SearchAction\",\"target\":{\"@type\":\"EntryPoint\",\"urlTemplate\":\"https:\/\/asociacionhaziak.com\/?s={search_term_string}\"},\"query-input\":\"required name=search_term_string\"}],\"inLanguage\":\"es\"},{\"@type\":\"Organization\",\"@id\":\"https:\/\/asociacionhaziak.com\/#organization\",\"name\":\"Asociaci\u00f3n Haziak\",\"url\":\"https:\/\/asociacionhaziak.com\/\",\"logo\":{\"@type\":\"ImageObject\",\"inLanguage\":\"es\",\"@id\":\"https:\/\/asociacionhaziak.com\/#\/schema\/logo\/image\/\",\"url\":\"https:\/\/asociacionhaziak.com\/wp-content\/uploads\/2022\/08\/LogoHaziak-1.png\",\"contentUrl\":\"https:\/\/asociacionhaziak.com\/wp-content\/uploads\/2022\/08\/LogoHaziak-1.png\",\"width\":3690,\"height\":2575,\"caption\":\"Asociaci\u00f3n Haziak\"},\"image\":{\"@id\":\"https:\/\/asociacionhaziak.com\/#\/schema\/logo\/image\/\"}}]}<\/script>\n<!-- \/ Yoast SEO plugin. -->","yoast_head_json":{"title":"Ficha de voluntarix - Asociaci\u00f3n Haziak","robots":{"index":"noindex","follow":"nofollow"},"og_locale":"es_ES","og_type":"article","og_title":"Ficha de voluntarix - Asociaci\u00f3n Haziak","og_description":"Si lo que quieres es ayudar aportando tu tiempo o tus conocimientos puedes hacerte voluntario. Rellena la hoja y mandala al correo electr\u00f3nico situado al fondo de la p\u00e1gina y [&hellip;]","og_url":"https:\/\/asociacionhaziak.com\/?page_id=483","og_site_name":"Asociaci\u00f3n Haziak","article_modified_time":"2023-06-29T17:25:12+00:00","twitter_card":"summary_large_image","twitter_misc":{"Tiempo de lectura":"1 minuto"},"schema":{"@context":"https:\/\/schema.org","@graph":[{"@type":"WebPage","@id":"https:\/\/asociacionhaziak.com\/?page_id=483","url":"https:\/\/asociacionhaziak.com\/?page_id=483","name":"Ficha de voluntarix - Asociaci\u00f3n Haziak","isPartOf":{"@id":"https:\/\/asociacionhaziak.com\/#website"},"datePublished":"2023-06-19T16:03:15+00:00","dateModified":"2023-06-29T17:25:12+00:00","breadcrumb":{"@id":"https:\/\/asociacionhaziak.com\/?page_id=483#breadcrumb"},"inLanguage":"es","potentialAction":[{"@type":"ReadAction","target":["https:\/\/asociacionhaziak.com\/?page_id=483"]}]},{"@type":"BreadcrumbList","@id":"https:\/\/asociacionhaziak.com\/?page_id=483#breadcrumb","itemListElement":[{"@type":"ListItem","position":1,"name":"Portada","item":"https:\/\/asociacionhaziak.com\/"},{"@type":"ListItem","position":2,"name":"Ficha de voluntarix"}]},{"@type":"WebSite","@id":"https:\/\/asociacionhaziak.com\/#website","url":"https:\/\/asociacionhaziak.com\/","name":"Asociaci\u00f3n Haziak","description":"Personas Tuteladas y Extuteladas de Navarra","publisher":{"@id":"https:\/\/asociacionhaziak.com\/#organization"},"potentialAction":[{"@type":"SearchAction","target":{"@type":"EntryPoint","urlTemplate":"https:\/\/asociacionhaziak.com\/?s={search_term_string}"},"query-input":"required name=search_term_string"}],"inLanguage":"es"},{"@type":"Organization","@id":"https:\/\/asociacionhaziak.com\/#organization","name":"Asociaci\u00f3n Haziak","url":"https:\/\/asociacionhaziak.com\/","logo":{"@type":"ImageObject","inLanguage":"es","@id":"https:\/\/asociacionhaziak.com\/#\/schema\/logo\/image\/","url":"https:\/\/asociacionhaziak.com\/wp-content\/uploads\/2022\/08\/LogoHaziak-1.png","contentUrl":"https:\/\/asociacionhaziak.com\/wp-content\/uploads\/2022\/08\/LogoHaziak-1.png","width":3690,"height":2575,"caption":"Asociaci\u00f3n Haziak"},"image":{"@id":"https:\/\/asociacionhaziak.com\/#\/schema\/logo\/image\/"}}]}},"_links":{"self":[{"href":"https:\/\/asociacionhaziak.com\/index.php?rest_route=\/wp\/v2\/pages\/483","targetHints":{"allow":["GET"]}}],"collection":[{"href":"https:\/\/asociacionhaziak.com\/index.php?rest_route=\/wp\/v2\/pages"}],"about":[{"href":"https:\/\/asociacionhaziak.com\/index.php?rest_route=\/wp\/v2\/types\/page"}],"author":[{"embeddable":true,"href":"https:\/\/asociacionhaziak.com\/index.php?rest_route=\/wp\/v2\/users\/1"}],"replies":[{"embeddable":true,"href":"https:\/\/asociacionhaziak.com\/index.php?rest_route=%2Fwp%2Fv2%2Fcomments&post=483"}],"version-history":[{"count":3,"href":"https:\/\/asociacionhaziak.com\/index.php?rest_route=\/wp\/v2\/pages\/483\/revisions"}],"predecessor-version":[{"id":571,"href":"https:\/\/asociacionhaziak.com\/index.php?rest_route=\/wp\/v2\/pages\/483\/revisions\/571"}],"wp:attachment":[{"href":"https:\/\/asociacionhaziak.com\/index.php?rest_route=%2Fwp%2Fv2%2Fmedia&parent=483"}],"curies":[{"name":"wp","href":"https:\/\/api.w.org\/{rel}","templated":true}]}}